{"id":16791,"date":"2019-06-07T06:33:07","date_gmt":"2019-10-11T10:54:32","guid":{"rendered":"https:\/\/newgarden.es\/shop\/sin%20categor\u00eda\/creta-120-light\/"},"modified":"2022-02-07T15:39:17","modified_gmt":"2022-02-07T14:39:17","slug":"creta-120-light","status":"publish","type":"product","link":"https:\/\/newgarden.es\/fr\/shop\/mobilier\/bars\/creta-120-light\/","title":{"rendered":"BAR CRETA 120 AVEC LUMI\u00c8RE"},"content":{"rendered":"<section class=\"wpb-content-wrapper\"><p>[vc_row][vc_column el_class=\u00a0\u00bbdescripcion_producto\u00a0\u00bb][vc_column_text]<\/p>\n<p>BAR LUMINEUX <strong>CRETA\u00a0<\/strong><\/p>\n<p>Bar droit de conception innovante. Inclus une plaque de plexiglass pour prot\u00e9ger la surface sup\u00e9rieure. Combinez-le avec le\u00a0<strong>BAR IBIZA<\/strong>\u00a0pour cr\u00e9er des ambiances dans votre maison ou votre entreprise.<\/p>\n<p>Version\u00a0<strong>FILAIRE<\/strong>(alimentation par c\u00e2ble): Il vous suffit de brancher votre\u00a0bar\u00a0sur secteur pour pouvoir l&rsquo;allumer et de la d\u00e9brancher pour l&rsquo;\u00e9teindre. Lumi\u00e8re led &#8211; blanc froid.<\/p>\n<p>Version\u00a0<strong>SOLAIRE+BATTERIE RECHARGEABLE\u00a0<\/strong>led rgb:\u00a0Le bar est \u00e9quip\u00e9 d&rsquo;un capteur cr\u00e9pusculaire qui d\u00e9clenche automatiquement l&rsquo;allumage \u00e0 la nuit tomb\u00e9e. Dot\u00e9 de led rgb, il b\u00e9n\u00e9ficie de la technologie Newgarden\u00a0solaire+charge batterie : il se charge par le soleil (8 \u00e0 12h) pour une autonomie de 2 \u00e0 6 heures ou par batterie (chargeur fourni) en 4 \u00e0 6 heures pour une autonomie de 12 \u00e0 36 heures ! Il est \u00e9quip\u00e9e d&rsquo;une t\u00e9l\u00e9commande (fournie) qui permet de choisir parmi 128 couleurs et trois blancs.<\/p>\n<p><em>Tous les produits Newgarden sont fabriqu\u00e9s en poly\u00e9thyl\u00e8ne, ils sont donc l\u00e9gers et tr\u00e8s r\u00e9sistants aux temp\u00e9ratures extr\u00eames. Ils sont \u00e9galement r\u00e9sistants contre les\u00a0rayons UV, ce qui rend la dur\u00e9e de vie du produit extraordinairement longue.<\/em><\/p>\n<p>&nbsp;<\/p>\n<ul class=\"tablaTech\">\n<li>\n<div class=\"boxContents no-border\">\n<div class=\"name\"><strong>TAILLE<\/strong><\/div>\n<div class=\"data\">120 x 59 x 110 cm<\/div>\n<\/div>\n<\/li>\n<\/ul>\n<p>[\/vc_column_text][\/vc_column][\/vc_row][vc_row disable_element=\u00a0\u00bbyes\u00a0\u00bb][vc_column][vc_single_image image=\u00a0\u00bb6566&Prime; img_size=\u00a0\u00bbfull\u00a0\u00bb][\/vc_column][\/vc_row][vc_row][vc_column width=\u00a0\u00bb1\/2&Prime;][vc_btn title=\u00a0\u00bbFiche technique\u00a0\u00bb style=\u00a0\u00bbcustom\u00a0\u00bb custom_background=\u00a0\u00bb#009bc2&Prime; custom_text=\u00a0\u00bb#ffffff\u00a0\u00bb shape=\u00a0\u00bbsquare\u00a0\u00bb link=\u00a0\u00bburl:https%3A%2F%2Fwww.newgarden.es%2Fwp-content%2Fuploads%2F2018%2F02%2FCreta.pdf|target:%20_blank|\u00a0\u00bb el_class=\u00a0\u00bbbtn_descargar_ficha\u00a0\u00bb][\/vc_column][vc_column width=\u00a0\u00bb1\/2&Prime;][vc_btn title=\u00a0\u00bbManuel d&rsquo;instrutions\u00a0\u00bb style=\u00a0\u00bbcustom\u00a0\u00bb custom_background=\u00a0\u00bb#009bc2&Prime; custom_text=\u00a0\u00bb#ffffff\u00a0\u00bb shape=\u00a0\u00bbsquare\u00a0\u00bb link=\u00a0\u00bburl:https%3A%2F%2Fnewgarden.es%2Ffr%2F%3Fpage_id%3D25150|target:%20_blank|\u00a0\u00bb el_class=\u00a0\u00bbbtn_descargar_ficha\u00a0\u00bb][\/vc_column][\/vc_row]<\/p>\n<\/section>","protected":false},"excerpt":{"rendered":"<h1 style=\"font-size: 12px;\">Bar lumineux Creta 120<\/h1>\n","protected":false},"featured_media":63886,"template":"","meta":[],"product_cat":[657,1614],"product_tag":[653,647],"class_list":{"0":"post-16791","1":"product","2":"type-product","3":"status-publish","4":"has-post-thumbnail","6":"product_cat-mobilier","7":"product_cat-bars","8":"product_tag-batterie","9":"product_tag-cable-fr","11":"first","12":"instock","13":"taxable","14":"shipping-taxable","15":"purchasable","16":"product-type-variable"},"yoast_head":"<!-- This site is optimized with the Yoast SEO plugin v24.2 - https:\/\/yoast.com\/wordpress\/plugins\/seo\/ -->\n<title>CRETA bar conception de barre droite avec une plaque en plexiglass<\/title>\n<meta name=\"description\" content=\"*BAR CRETA : Bar droit de conception innovante. Inclus une plaque de plexiglass pour prot\u00e9ger la surface sup\u00e9rieure. Combinez avec le BAR IBIZA\" \/>\n<meta name=\"robots\" content=\"index, follow, max-snippet:-1, max-image-preview:large, max-video-preview:-1\" \/>\n<link rel=\"canonical\" href=\"https:\/\/newgarden.es\/fr\/shop\/mobilier\/bars\/creta-120-light\/\" \/>\n<meta property=\"og:locale\" content=\"fr_FR\" \/>\n<meta property=\"og:type\" content=\"article\" \/>\n<meta property=\"og:title\" content=\"CRETA bar conception de barre droite avec une plaque en plexiglass\" \/>\n<meta property=\"og:description\" content=\"*BAR CRETA : Bar droit de conception innovante. Inclus une plaque de plexiglass pour prot\u00e9ger la surface sup\u00e9rieure. Combinez avec le BAR IBIZA\" \/>\n<meta property=\"og:url\" content=\"https:\/\/newgarden.es\/fr\/shop\/mobilier\/bars\/creta-120-light\/\" \/>\n<meta property=\"og:site_name\" content=\"Newgarden\" \/>\n<meta property=\"article:modified_time\" content=\"2022-02-07T14:39:17+00:00\" \/>\n<meta property=\"og:image\" content=\"https:\/\/newgarden.es\/wp-content\/uploads\/2019\/06\/CRETA_120_1200X1200-1.jpg\" \/>\n\t<meta property=\"og:image:width\" content=\"1200\" \/>\n\t<meta property=\"og:image:height\" content=\"1200\" \/>\n\t<meta property=\"og:image:type\" content=\"image\/jpeg\" \/>\n<meta name=\"twitter:card\" content=\"summary_large_image\" \/>\n<meta name=\"twitter:label1\" content=\"Dur\u00e9e de lecture estim\u00e9e\" \/>\n\t<meta name=\"twitter:data1\" content=\"2 minutes\" \/>\n<script type=\"application\/ld+json\" class=\"yoast-schema-graph\">{\"@context\":\"https:\/\/schema.org\",\"@graph\":[{\"@type\":\"WebPage\",\"@id\":\"https:\/\/newgarden.es\/fr\/shop\/mobilier\/bars\/creta-120-light\/\",\"url\":\"https:\/\/newgarden.es\/fr\/shop\/mobilier\/bars\/creta-120-light\/\",\"name\":\"CRETA bar conception de barre droite avec une plaque en plexiglass\",\"isPartOf\":{\"@id\":\"https:\/\/newgarden.es\/#website\"},\"primaryImageOfPage\":{\"@id\":\"https:\/\/newgarden.es\/fr\/shop\/mobilier\/bars\/creta-120-light\/#primaryimage\"},\"image\":{\"@id\":\"https:\/\/newgarden.es\/fr\/shop\/mobilier\/bars\/creta-120-light\/#primaryimage\"},\"thumbnailUrl\":\"https:\/\/newgarden.es\/wp-content\/uploads\/2019\/06\/CRETA_120_1200X1200-1.jpg\",\"datePublished\":\"2019-10-11T10:54:32+00:00\",\"dateModified\":\"2022-02-07T14:39:17+00:00\",\"description\":\"*BAR CRETA : Bar droit de conception innovante. Inclus une plaque de plexiglass pour prot\u00e9ger la surface sup\u00e9rieure. Combinez avec le BAR IBIZA\",\"breadcrumb\":{\"@id\":\"https:\/\/newgarden.es\/fr\/shop\/mobilier\/bars\/creta-120-light\/#breadcrumb\"},\"inLanguage\":\"fr-FR\",\"potentialAction\":[{\"@type\":\"ReadAction\",\"target\":[\"https:\/\/newgarden.es\/fr\/shop\/mobilier\/bars\/creta-120-light\/\"]}]},{\"@type\":\"ImageObject\",\"inLanguage\":\"fr-FR\",\"@id\":\"https:\/\/newgarden.es\/fr\/shop\/mobilier\/bars\/creta-120-light\/#primaryimage\",\"url\":\"https:\/\/newgarden.es\/wp-content\/uploads\/2019\/06\/CRETA_120_1200X1200-1.jpg\",\"contentUrl\":\"https:\/\/newgarden.es\/wp-content\/uploads\/2019\/06\/CRETA_120_1200X1200-1.jpg\",\"width\":1200,\"height\":1200},{\"@type\":\"BreadcrumbList\",\"@id\":\"https:\/\/newgarden.es\/fr\/shop\/mobilier\/bars\/creta-120-light\/#breadcrumb\",\"itemListElement\":[{\"@type\":\"ListItem\",\"position\":1,\"name\":\"Home\",\"item\":\"https:\/\/newgarden.es\/fr\/\"},{\"@type\":\"ListItem\",\"position\":2,\"name\":\"Boutique\",\"item\":\"https:\/\/newgarden.es\/fr\/boutique\/\"},{\"@type\":\"ListItem\",\"position\":3,\"name\":\"BAR CRETA 120 AVEC LUMI\u00c8RE\"}]},{\"@type\":\"WebSite\",\"@id\":\"https:\/\/newgarden.es\/#website\",\"url\":\"https:\/\/newgarden.es\/\",\"name\":\"Newgarden\",\"description\":\"Be happy\",\"potentialAction\":[{\"@type\":\"SearchAction\",\"target\":{\"@type\":\"EntryPoint\",\"urlTemplate\":\"https:\/\/newgarden.es\/?s={search_term_string}\"},\"query-input\":{\"@type\":\"PropertyValueSpecification\",\"valueRequired\":true,\"valueName\":\"search_term_string\"}}],\"inLanguage\":\"fr-FR\"}]}<\/script>\n<!-- \/ Yoast SEO plugin. -->","yoast_head_json":{"title":"CRETA bar conception de barre droite avec une plaque en plexiglass","description":"*BAR CRETA : Bar droit de conception innovante. Inclus une plaque de plexiglass pour prot\u00e9ger la surface sup\u00e9rieure. Combinez avec le BAR IBIZA","robots":{"index":"index","follow":"follow","max-snippet":"max-snippet:-1","max-image-preview":"max-image-preview:large","max-video-preview":"max-video-preview:-1"},"canonical":"https:\/\/newgarden.es\/fr\/shop\/mobilier\/bars\/creta-120-light\/","og_locale":"fr_FR","og_type":"article","og_title":"CRETA bar conception de barre droite avec une plaque en plexiglass","og_description":"*BAR CRETA : Bar droit de conception innovante. Inclus une plaque de plexiglass pour prot\u00e9ger la surface sup\u00e9rieure. Combinez avec le BAR IBIZA","og_url":"https:\/\/newgarden.es\/fr\/shop\/mobilier\/bars\/creta-120-light\/","og_site_name":"Newgarden","article_modified_time":"2022-02-07T14:39:17+00:00","og_image":[{"width":1200,"height":1200,"url":"https:\/\/newgarden.es\/wp-content\/uploads\/2019\/06\/CRETA_120_1200X1200-1.jpg","type":"image\/jpeg"}],"twitter_card":"summary_large_image","twitter_misc":{"Dur\u00e9e de lecture estim\u00e9e":"2 minutes"},"schema":{"@context":"https:\/\/schema.org","@graph":[{"@type":"WebPage","@id":"https:\/\/newgarden.es\/fr\/shop\/mobilier\/bars\/creta-120-light\/","url":"https:\/\/newgarden.es\/fr\/shop\/mobilier\/bars\/creta-120-light\/","name":"CRETA bar conception de barre droite avec une plaque en plexiglass","isPartOf":{"@id":"https:\/\/newgarden.es\/#website"},"primaryImageOfPage":{"@id":"https:\/\/newgarden.es\/fr\/shop\/mobilier\/bars\/creta-120-light\/#primaryimage"},"image":{"@id":"https:\/\/newgarden.es\/fr\/shop\/mobilier\/bars\/creta-120-light\/#primaryimage"},"thumbnailUrl":"https:\/\/newgarden.es\/wp-content\/uploads\/2019\/06\/CRETA_120_1200X1200-1.jpg","datePublished":"2019-10-11T10:54:32+00:00","dateModified":"2022-02-07T14:39:17+00:00","description":"*BAR CRETA : Bar droit de conception innovante. Inclus une plaque de plexiglass pour prot\u00e9ger la surface sup\u00e9rieure. Combinez avec le BAR IBIZA","breadcrumb":{"@id":"https:\/\/newgarden.es\/fr\/shop\/mobilier\/bars\/creta-120-light\/#breadcrumb"},"inLanguage":"fr-FR","potentialAction":[{"@type":"ReadAction","target":["https:\/\/newgarden.es\/fr\/shop\/mobilier\/bars\/creta-120-light\/"]}]},{"@type":"ImageObject","inLanguage":"fr-FR","@id":"https:\/\/newgarden.es\/fr\/shop\/mobilier\/bars\/creta-120-light\/#primaryimage","url":"https:\/\/newgarden.es\/wp-content\/uploads\/2019\/06\/CRETA_120_1200X1200-1.jpg","contentUrl":"https:\/\/newgarden.es\/wp-content\/uploads\/2019\/06\/CRETA_120_1200X1200-1.jpg","width":1200,"height":1200},{"@type":"BreadcrumbList","@id":"https:\/\/newgarden.es\/fr\/shop\/mobilier\/bars\/creta-120-light\/#breadcrumb","itemListElement":[{"@type":"ListItem","position":1,"name":"Home","item":"https:\/\/newgarden.es\/fr\/"},{"@type":"ListItem","position":2,"name":"Boutique","item":"https:\/\/newgarden.es\/fr\/boutique\/"},{"@type":"ListItem","position":3,"name":"BAR CRETA 120 AVEC LUMI\u00c8RE"}]},{"@type":"WebSite","@id":"https:\/\/newgarden.es\/#website","url":"https:\/\/newgarden.es\/","name":"Newgarden","description":"Be happy","potentialAction":[{"@type":"SearchAction","target":{"@type":"EntryPoint","urlTemplate":"https:\/\/newgarden.es\/?s={search_term_string}"},"query-input":{"@type":"PropertyValueSpecification","valueRequired":true,"valueName":"search_term_string"}}],"inLanguage":"fr-FR"}]}},"df_price":682.3,"df_sale_price":"","df_regular_price":682.3,"df_image_link":"https:\/\/newgarden.es\/wp-content\/uploads\/2019\/06\/CRETA_120_1200X1200-1-580x400.jpg","_links":{"self":[{"href":"https:\/\/newgarden.es\/fr\/wp-json\/wp\/v2\/product\/16791"}],"collection":[{"href":"https:\/\/newgarden.es\/fr\/wp-json\/wp\/v2\/product"}],"about":[{"href":"https:\/\/newgarden.es\/fr\/wp-json\/wp\/v2\/types\/product"}],"wp:featuredmedia":[{"embeddable":true,"href":"https:\/\/newgarden.es\/fr\/wp-json\/wp\/v2\/media\/63886"}],"wp:attachment":[{"href":"https:\/\/newgarden.es\/fr\/wp-json\/wp\/v2\/media?parent=16791"}],"wp:term":[{"taxonomy":"product_cat","embeddable":true,"href":"https:\/\/newgarden.es\/fr\/wp-json\/wp\/v2\/product_cat?post=16791"},{"taxonomy":"product_tag","embeddable":true,"href":"https:\/\/newgarden.es\/fr\/wp-json\/wp\/v2\/product_tag?post=16791"}],"curies":[{"name":"wp","href":"https:\/\/api.w.org\/{rel}","templated":true}]}}

https://newgarden.es/shop/sin%20categoría/creta-120-light/

BAR CRETA 120 AVEC LUMIÈRE

<section class="wpb-content-wrapper"><p>[vc_row][vc_column el_class= »descripcion_producto »][vc_column_text]</p>
<p>BAR LUMINEUX <strong>CRETA </strong></p>
<p>Bar droit de conception innovante. Inclus une plaque de plexiglass pour protéger la surface supérieure. Combinez-le avec le <strong>BAR IBIZA</strong> pour créer des ambiances dans votre maison ou votre entreprise.</p>
<p>Version <strong>FILAIRE</strong>(alimentation par câble): Il vous suffit de brancher votre bar sur secteur pour pouvoir l&rsquo;allumer et de la débrancher pour l&rsquo;éteindre. Lumière led &#8211; blanc froid.</p>
<p>Version <strong>SOLAIRE+BATTERIE RECHARGEABLE </strong>led rgb: Le bar est équipé d&rsquo;un capteur crépusculaire qui déclenche automatiquement l&rsquo;allumage à la nuit tombée. Doté de led rgb, il bénéficie de la technologie Newgarden solaire+charge batterie : il se charge par le soleil (8 à 12h) pour une autonomie de 2 à 6 heures ou par batterie (chargeur fourni) en 4 à 6 heures pour une autonomie de 12 à 36 heures ! Il est équipée d&rsquo;une télécommande (fournie) qui permet de choisir parmi 128 couleurs et trois blancs.</p>
<p><em>Tous les produits Newgarden sont fabriqués en polyéthylène, ils sont donc légers et très résistants aux températures extrêmes. Ils sont également résistants contre les rayons UV, ce qui rend la durée de vie du produit extraordinairement longue.</em></p>
<p>&nbsp;</p>
<ul class="tablaTech">
<li>
<div class="boxContents no-border">
<div class="name"><strong>TAILLE</strong></div>
<div class="data">120 x 59 x 110 cm</div>
</div>
</li>
</ul>
<p>[/vc_column_text][/vc_column][/vc_row][vc_row disable_element= »yes »][vc_column][vc_single_image image= »6566&Prime; img_size= »full »][/vc_column][/vc_row][vc_row][vc_column width= »1/2&Prime;][vc_btn title= »Fiche technique » style= »custom » custom_background= »#009bc2&Prime; custom_text= »#ffffff » shape= »square » link= »url:https%3A%2F%2Fwww.newgarden.es%2Fwp-content%2Fuploads%2F2018%2F02%2FCreta.pdf|target:%20_blank| » el_class= »btn_descargar_ficha »][/vc_column][vc_column width= »1/2&Prime;][vc_btn title= »Manuel d&rsquo;instrutions » style= »custom » custom_background= »#009bc2&Prime; custom_text= »#ffffff » shape= »square » link= »url:https%3A%2F%2Fnewgarden.es%2Ffr%2F%3Fpage_id%3D25150|target:%20_blank| » el_class= »btn_descargar_ficha »][/vc_column][/vc_row]</p>
</section>

<!-- This site is optimized with the Yoast SEO plugin v24.2 - https://yoast.com/wordpress/plugins/seo/ -->
<title>CRETA bar conception de barre droite avec une plaque en plexiglass</title>
<meta name="description" content="*BAR CRETA : Bar droit de conception innovante. Inclus une plaque de plexiglass pour protéger la surface supérieure. Combinez avec le BAR IBIZA" />
<meta name="robots" content="index, follow, max-snippet:-1, max-image-preview:large, max-video-preview:-1" />
<link rel="canonical" href="https://newgarden.es/fr/shop/mobilier/bars/creta-120-light/" />
<meta property="og:locale" content="fr_FR" />
<meta property="og:type" content="article" />
<meta property="og:title" content="CRETA bar conception de barre droite avec une plaque en plexiglass" />
<meta property="og:description" content="*BAR CRETA : Bar droit de conception innovante. Inclus une plaque de plexiglass pour protéger la surface supérieure. Combinez avec le BAR IBIZA" />
<meta property="og:url" content="https://newgarden.es/fr/shop/mobilier/bars/creta-120-light/" />
<meta property="og:site_name" content="Newgarden" />
<meta property="article:modified_time" content="2022-02-07T14:39:17+00:00" />
<meta property="og:image" content="https://newgarden.es/wp-content/uploads/2019/06/CRETA_120_1200X1200-1.jpg" />
	<meta property="og:image:width" content="1200" />
	<meta property="og:image:height" content="1200" />
	<meta property="og:image:type" content="image/jpeg" />
<meta name="twitter:card" content="summary_large_image" />
<meta name="twitter:label1" content="Durée de lecture estimée" />
	<meta name="twitter:data1" content="2 minutes" />
<script type="application/ld+json" class="yoast-schema-graph">{"@context":"https://schema.org","@graph":[{"@type":"WebPage","@id":"https://newgarden.es/fr/shop/mobilier/bars/creta-120-light/","url":"https://newgarden.es/fr/shop/mobilier/bars/creta-120-light/","name":"CRETA bar conception de barre droite avec une plaque en plexiglass","isPartOf":{"@id":"https://newgarden.es/#website"},"primaryImageOfPage":{"@id":"https://newgarden.es/fr/shop/mobilier/bars/creta-120-light/#primaryimage"},"image":{"@id":"https://newgarden.es/fr/shop/mobilier/bars/creta-120-light/#primaryimage"},"thumbnailUrl":"https://newgarden.es/wp-content/uploads/2019/06/CRETA_120_1200X1200-1.jpg","datePublished":"2019-10-11T10:54:32+00:00","dateModified":"2022-02-07T14:39:17+00:00","description":"*BAR CRETA : Bar droit de conception innovante. Inclus une plaque de plexiglass pour protéger la surface supérieure. Combinez avec le BAR IBIZA","breadcrumb":{"@id":"https://newgarden.es/fr/shop/mobilier/bars/creta-120-light/#breadcrumb"},"inLanguage":"fr-FR","potentialAction":[{"@type":"ReadAction","target":["https://newgarden.es/fr/shop/mobilier/bars/creta-120-light/"]}]},{"@type":"ImageObject","inLanguage":"fr-FR","@id":"https://newgarden.es/fr/shop/mobilier/bars/creta-120-light/#primaryimage","url":"https://newgarden.es/wp-content/uploads/2019/06/CRETA_120_1200X1200-1.jpg","contentUrl":"https://newgarden.es/wp-content/uploads/2019/06/CRETA_120_1200X1200-1.jpg","width":1200,"height":1200},{"@type":"BreadcrumbList","@id":"https://newgarden.es/fr/shop/mobilier/bars/creta-120-light/#breadcrumb","itemListElement":[{"@type":"ListItem","position":1,"name":"Home","item":"https://newgarden.es/fr/"},{"@type":"ListItem","position":2,"name":"Boutique","item":"https://newgarden.es/fr/boutique/"},{"@type":"ListItem","position":3,"name":"BAR CRETA 120 AVEC LUMIÈRE"}]},{"@type":"WebSite","@id":"https://newgarden.es/#website","url":"https://newgarden.es/","name":"Newgarden","description":"Be happy","potentialAction":[{"@type":"SearchAction","target":{"@type":"EntryPoint","urlTemplate":"https://newgarden.es/?s={search_term_string}"},"query-input":{"@type":"PropertyValueSpecification","valueRequired":true,"valueName":"search_term_string"}}],"inLanguage":"fr-FR"}]}</script>
<!-- / Yoast SEO plugin. -->

*BAR CRETA : Bar droit de conception innovante. Inclus une plaque de plexiglass pour protéger la surface supérieure. Combinez avec le BAR IBIZA
